{"id":38,"date":"2017-05-26T11:33:30","date_gmt":"2017-05-26T14:33:30","guid":{"rendered":"http:\/\/www.chavetas.com.br\/site\/?page_id=38"},"modified":"2022-10-25T09:40:49","modified_gmt":"2022-10-25T12:40:49","slug":"empresa","status":"publish","type":"page","link":"https:\/\/www.chavetas.com.br\/index.php\/empresa\/","title":{"rendered":"Hist\u00f3rico"},"content":{"rendered":"<p>[vc_row][vc_column width=&#8221;1\/2&#8243;][vc_column_text css=&#8221;.vc_custom_1666701526703{padding-top: 40px !important;padding-right: 40px !important;padding-bottom: 40px !important;padding-left: 40px !important;background-color: #dddddd !important;}&#8221;]A Fabrica Nacional de Chavetas guarda muitas semelhan\u00e7as com os produtos que fabrica: esconde por tr\u00e1s de sua simplicidade a tecnologia mais avan\u00e7ada na produ\u00e7\u00e3o de chavetas de todos os tipos; tecnologia que garantiu-lhe a lideran\u00e7a deste mercado.<\/p>\n<p><!--\n\n\n<h3>Certificados - ISO 9001-2015<\/h3>\n\n\n<a href=\"http:\/\/www.chavetas.com.br\/Certificado-ISO-9001-2015.pdf\" rel=\"noopener\" target=\"_blank\"><img decoding=\"async\" class=\"aligncenter\" src=\"http:\/\/www.chavetas.com.br\/site\/wp-content\/uploads\/2017\/05\/ria.jpg\" \/><\/a>\n\n\n<h3>Certificados - ISO 9001 :: 2008<\/h3>\n\n\n<img decoding=\"async\" class=\"aligncenter\" src=\"http:\/\/www.chavetas.com.br\/site\/wp-content\/uploads\/2017\/05\/certificados.jpg\" \/>-->[\/vc_column_text][vc_single_image image=&#8221;363&#8243; img_size=&#8221;500&#215;350&#8243; onclick=&#8221;link_image&#8221;][vc_column_text css=&#8221;.vc_custom_1666701640149{padding-top: 40px !important;padding-right: 40px !important;padding-bottom: 40px !important;padding-left: 40px !important;background-color: #dddddd !important;}&#8221;]Al\u00e9m de seu rigoroso controle interno de qualidade, a Fabrica Nacional de Chavetas tem as caracter\u00edsticas de seus produtos constantemente avaliadas por seus maiores clientes da \u00e1rea automobil\u00edstica, caminh\u00f5es, maquinas agriculas, motos entre outros<\/p>\n<p>E \u00e9 justamente por satisfazer por completo a alta qualidade, que estes setores confiem na F\u00e1brica Nacional de Chavetas como o seu maior fornecedor de chavetas. Olhando sob o outro ponto de vista, podemos dizer que a maior parte dos ve\u00edculos que rodam no Brasil tem a alta tecnologia da Fabrica Nacional de Chavetas.<\/p>\n<p><!--\n\n\n<h3>Certificados - ISO 9001-2015<\/h3>\n\n\n<a href=\"http:\/\/www.chavetas.com.br\/Certificado-ISO-9001-2015.pdf\" rel=\"noopener\" target=\"_blank\"><img decoding=\"async\" class=\"aligncenter\" src=\"http:\/\/www.chavetas.com.br\/site\/wp-content\/uploads\/2017\/05\/ria.jpg\" \/><\/a>\n\n\n<h3>Certificados - ISO 9001 :: 2008<\/h3>\n\n\n<img decoding=\"async\" class=\"aligncenter\" src=\"http:\/\/www.chavetas.com.br\/site\/wp-content\/uploads\/2017\/05\/certificados.jpg\" \/>-->[\/vc_column_text][vc_single_image image=&#8221;361&#8243; img_size=&#8221;500&#215;350&#8243; onclick=&#8221;link_image&#8221;][\/vc_column][vc_column width=&#8221;1\/2&#8243;][vc_single_image image=&#8221;364&#8243; img_size=&#8221;500&#215;350&#8243; onclick=&#8221;link_image&#8221;][vc_column_text css=&#8221;.vc_custom_1666701534392{padding-top: 40px !important;padding-right: 40px !important;padding-bottom: 40px !important;padding-left: 40px !important;background-color: #dddddd !important;}&#8221;]Est\u00e1 presente em praticamente todos os tipos de m\u00e1quinas, e em todo o territ\u00f3rio nacional, oferecendo atrav\u00e9s de sua experi\u00eancia de mais de 5 d\u00e9cadas de atua\u00e7\u00e3o, toda a solidez que os grandes fabricantes de autom\u00f3veis, motores, equipamentos mec\u00e2nicos e eletromec\u00e2nicos em geral precisam.<\/p>\n<p><!--\n\n\n<h3>Certificados - ISO 9001-2015<\/h3>\n\n\n<a href=\"http:\/\/www.chavetas.com.br\/Certificado-ISO-9001-2015.pdf\" rel=\"noopener\" target=\"_blank\"><img decoding=\"async\" class=\"aligncenter\" src=\"http:\/\/www.chavetas.com.br\/site\/wp-content\/uploads\/2017\/05\/ria.jpg\" \/><\/a>\n\n\n<h3>Certificados - ISO 9001 :: 2008<\/h3>\n\n\n<img decoding=\"async\" class=\"aligncenter\" src=\"http:\/\/www.chavetas.com.br\/site\/wp-content\/uploads\/2017\/05\/certificados.jpg\" \/>-->[\/vc_column_text][vc_single_image image=&#8221;362&#8243; img_size=&#8221;500&#215;350&#8243; onclick=&#8221;link_image&#8221;][vc_column_text css=&#8221;.vc_custom_1666701647829{padding-top: 40px !important;padding-right: 40px !important;padding-bottom: 40px !important;padding-left: 40px !important;background-color: #dddddd !important;}&#8221;]E isso sem considerar os outros tipos de equipamentos eletromec\u00e2nicos onde a Fabrica Nacional de Chavetas est\u00e1 presente com igual relev\u00e2ncia. Mesmo em outros pa\u00edses nossas chavetas s\u00e3o utilizadas com total confian\u00e7a. Esta confian\u00e7a nos foi depositada por empresas multinacionais que enviam uma parcela do que montam para outras partes do mundo, e que s\u00f3 pode ser conquistada pela absoluta honestidade e compet\u00eancia.<\/p>\n<p><!--\n\n\n<h3>Certificados - ISO 9001-2015<\/h3>\n\n\n<a href=\"http:\/\/www.chavetas.com.br\/Certificado-ISO-9001-2015.pdf\" rel=\"noopener\" target=\"_blank\"><img decoding=\"async\" class=\"aligncenter\" src=\"http:\/\/www.chavetas.com.br\/site\/wp-content\/uploads\/2017\/05\/ria.jpg\" \/><\/a>\n\n\n<h3>Certificados - ISO 9001 :: 2008<\/h3>\n\n\n<img decoding=\"async\" class=\"aligncenter\" src=\"http:\/\/www.chavetas.com.br\/site\/wp-content\/uploads\/2017\/05\/certificados.jpg\" \/>-->[\/vc_column_text][\/vc_column][\/vc_row]<\/p>\n","protected":false},"excerpt":{"rendered":"<p>[vc_row][vc_column width=&#8221;1\/2&#8243;][vc_column_text css=&#8221;.vc_custom_1666701526703{padding-top: 40px !important;padding-right: 40px !important;padding-bottom: 40px !important;padding-left: 40px !important;background-color: #dddddd !important;}&#8221;]A Fabrica Nacional de Chavetas guarda muitas semelhan\u00e7as com os produtos que fabrica: esconde por tr\u00e1s de sua simplicidade a tecnologia mais avan\u00e7ada na produ\u00e7\u00e3o de chavetas de todos os tipos; tecnologia que garantiu-lhe a lideran\u00e7a deste mercado. [\/vc_column_text][vc_single_image image=&#8221;363&#8243; img_size=&#8221;500&#215;350&#8243; onclick=&#8221;link_image&#8221;][vc_column_text css=&#8221;.vc_custom_1666701640149{padding-top: [&hellip;]<\/p>\n","protected":false},"author":1,"featured_media":0,"parent":0,"menu_order":0,"comment_status":"closed","ping_status":"closed","template":"","meta":[],"_links":{"self":[{"href":"https:\/\/www.chavetas.com.br\/index.php\/wp-json\/wp\/v2\/pages\/38"}],"collection":[{"href":"https:\/\/www.chavetas.com.br\/index.php\/wp-json\/wp\/v2\/pages"}],"about":[{"href":"https:\/\/www.chavetas.com.br\/index.php\/wp-json\/wp\/v2\/types\/page"}],"author":[{"embeddable":true,"href":"https:\/\/www.chavetas.com.br\/index.php\/wp-json\/wp\/v2\/users\/1"}],"replies":[{"embeddable":true,"href":"https:\/\/www.chavetas.com.br\/index.php\/wp-json\/wp\/v2\/comments?post=38"}],"version-history":[{"count":12,"href":"https:\/\/www.chavetas.com.br\/index.php\/wp-json\/wp\/v2\/pages\/38\/revisions"}],"predecessor-version":[{"id":389,"href":"https:\/\/www.chavetas.com.br\/index.php\/wp-json\/wp\/v2\/pages\/38\/revisions\/389"}],"wp:attachment":[{"href":"https:\/\/www.chavetas.com.br\/index.php\/wp-json\/wp\/v2\/media?parent=38"}],"curies":[{"name":"wp","href":"https:\/\/api.w.org\/{rel}","templated":true}]}}