{"id":145,"date":"2021-02-16T13:32:54","date_gmt":"2021-02-16T16:32:54","guid":{"rendered":"http:\/\/www.chavetas.com.br\/novo\/?page_id=145"},"modified":"2022-11-25T16:00:22","modified_gmt":"2022-11-25T19:00:22","slug":"politica-de-qualidade","status":"publish","type":"page","link":"https:\/\/www.chavetas.com.br\/index.php\/politica-de-qualidade\/","title":{"rendered":"Pol\u00edtica de qualidade"},"content":{"rendered":"<p>[vc_row][vc_column width=&#8221;1\/2&#8243; css=&#8221;.vc_custom_1666701377636{padding-top: 40px !important;padding-right: 40px !important;padding-bottom: 40px !important;padding-left: 40px !important;background-color: #dddddd !important;}&#8221;][vc_column_text]<\/p>\n<h3>Nosso compromisso \u00e9 atender as expectativas de nossos clientes e partes interessadas fornecendo produtos e servi\u00e7os com qualidade.<\/h3>\n<h3>A melhoria cont\u00ednua da qualidade \u00e9 responsabilidade de todos em nossa organiza\u00e7\u00e3o.<\/h3>\n<p>[\/vc_column_text][\/vc_column][vc_column width=&#8221;1\/2&#8243;][vc_single_image image=&#8221;366&#8243; img_size=&#8221;500&#215;350&#8243; onclick=&#8221;link_image&#8221;][\/vc_column][\/vc_row]<\/p>\n","protected":false},"excerpt":{"rendered":"<p>[vc_row][vc_column width=&#8221;1\/2&#8243; css=&#8221;.vc_custom_1666701377636{padding-top: 40px !important;padding-right: 40px !important;padding-bottom: 40px !important;padding-left: 40px !important;background-color: #dddddd !important;}&#8221;][vc_column_text] Nosso compromisso \u00e9 atender as expectativas de nossos clientes e partes interessadas fornecendo produtos e servi\u00e7os com qualidade. A melhoria cont\u00ednua da qualidade \u00e9 responsabilidade de todos em nossa organiza\u00e7\u00e3o. [\/vc_column_text][\/vc_column][vc_column width=&#8221;1\/2&#8243;][vc_single_image image=&#8221;366&#8243; img_size=&#8221;500&#215;350&#8243; onclick=&#8221;link_image&#8221;][\/vc_column][\/vc_row]<\/p>\n","protected":false},"author":1,"featured_media":0,"parent":0,"menu_order":0,"comment_status":"closed","ping_status":"closed","template":"","meta":[],"_links":{"self":[{"href":"https:\/\/www.chavetas.com.br\/index.php\/wp-json\/wp\/v2\/pages\/145"}],"collection":[{"href":"https:\/\/www.chavetas.com.br\/index.php\/wp-json\/wp\/v2\/pages"}],"about":[{"href":"https:\/\/www.chavetas.com.br\/index.php\/wp-json\/wp\/v2\/types\/page"}],"author":[{"embeddable":true,"href":"https:\/\/www.chavetas.com.br\/index.php\/wp-json\/wp\/v2\/users\/1"}],"replies":[{"embeddable":true,"href":"https:\/\/www.chavetas.com.br\/index.php\/wp-json\/wp\/v2\/comments?post=145"}],"version-history":[{"count":19,"href":"https:\/\/www.chavetas.com.br\/index.php\/wp-json\/wp\/v2\/pages\/145\/revisions"}],"predecessor-version":[{"id":406,"href":"https:\/\/www.chavetas.com.br\/index.php\/wp-json\/wp\/v2\/pages\/145\/revisions\/406"}],"wp:attachment":[{"href":"https:\/\/www.chavetas.com.br\/index.php\/wp-json\/wp\/v2\/media?parent=145"}],"curies":[{"name":"wp","href":"https:\/\/api.w.org\/{rel}","templated":true}]}}